{"id":13,"date":"2010-05-26T08:13:24","date_gmt":"2010-05-26T08:13:24","guid":{"rendered":"http:\/\/www.hakkilaneraveikot.net\/?page_id=13"},"modified":"2022-11-21T18:19:03","modified_gmt":"2022-11-21T16:19:03","slug":"historia","status":"publish","type":"page","link":"https:\/\/www.hakkilaneraveikot.net\/?page_id=13","title":{"rendered":"Historia"},"content":{"rendered":"<p style=\"text-align: justify;\">Mets\u00e4stysseura H\u00e4kkil\u00e4n Er\u00e4- Veikot perustettiin 9. p\u00e4iv\u00e4n\u00e4 syyskuuta vuonna 1962. Perustava kokous pidettiin Haukivuoren kunnan H\u00e4kkil\u00e4n kyl\u00e4ss\u00e4 Martti Mannisen talossa, jossa kokouksessa oli saapuvilla 15 mets\u00e4styksest\u00e4 ja riistanhoidosta kiinnostunutta henkil\u00f6\u00e4, kuten kokouksen p\u00f6yt\u00e4kirja asian ilmaisee. Perustajaj\u00e4seni\u00e4 olivat: Kauko Asikainen, Mikko ja Vilho H\u00e4kkinen, Erkki, Martti, Otto ja Pentti Manninen, Veikko Nurmi, Lauri, Pauli ja Raimo Nenonen, Leo, Reino ja Tauno Nyk\u00e4nen Sek\u00e4 Toivo Vauhkonen (Kyt\u00f6l\u00e4). Syin\u00e4 mets\u00e4stysseuran perustamiseen voidaan mainita: tarve saattaa mets\u00e4stysharrastus alueella j\u00e4rjestyneeksi toiminnaksi, huoli muutamien riistael\u00e4imien nopeasta v\u00e4henemisest\u00e4 sek\u00e4 yleinen innostus mets\u00e4stysseurojen perustamiseen 1960-luvun taitteessa. Lis\u00e4ksi erityispiirteen\u00e4 ja merkitt\u00e4v\u00e4n\u00e4 vaikuttimena seuran syntyyn oli H\u00e4kkil\u00e4n niemen etel\u00e4osissa sijaitseva ns. valtion maat ja niiden silloinen haltija, Nikkarilan hoitoalue ja sen aluemets\u00e4nhoitaja Lauri Borg, joka kantoi huolta alueella \u201drehottavasta\u201d salamets\u00e4styksest\u00e4 ja kannusti paikallisia mets\u00e4st\u00e4ji\u00e4 perustamaan mets\u00e4stysseura, jonka puitteissa mets\u00e4styst\u00e4 olisi helpompi valvoa.<a href=\"http:\/\/www.hakkilaneraveikot.net\/wp-content\/uploads\/2013\/08\/Logo1.jpg\"><img loading=\"lazy\" decoding=\"async\" class=\" size-medium wp-image-649 alignleft\" src=\"http:\/\/www.hakkilaneraveikot.net\/wp-content\/uploads\/2013\/08\/Logo1-300x225.jpg\" alt=\"Logo\" width=\"300\" height=\"225\" srcset=\"https:\/\/www.hakkilaneraveikot.net\/wp-content\/uploads\/2013\/08\/Logo1-300x225.jpg 300w, https:\/\/www.hakkilaneraveikot.net\/wp-content\/uploads\/2013\/08\/Logo1.jpg 800w\" sizes=\"auto, (max-width: 300px) 100vw, 300px\" \/><\/a><\/p>\n<p style=\"text-align: justify;\">Seuran ensimm\u00e4iseksi puheenjohtajaksi valittiin Martti Manninen, teht\u00e4v\u00e4\u00e4 h\u00e4n sitten hoitikin ansiokkaasti 28 vuotta, aina kuolemaansa asti. Varapuheenjohtajaksi valittiin Toivo Vauhkonen Kyt\u00f6l\u00e4st\u00e4 ja sihteeri-rahastonhoitajaksi ja j\u00e4senkirjuriksi Veikko O. Nurmi. Heid\u00e4n lis\u00e4ksi ensimm\u00e4iseen johtokuntaan kuuluivat Vilho J. H\u00e4kkinen ja Lauri Nenonen. Seura liittyi heti Mets\u00e4st\u00e4j\u00e4liiton silloiseen Savo-Karjalan piirin j\u00e4seneksi. Seuran toiminta l\u00e4hti vilkkaasti k\u00e4yntiin ja j\u00e4senm\u00e4\u00e4r\u00e4 kasvoi nopeasti ollen vuonna -64 jo yli 30 j\u00e4sent\u00e4. Suurimmillaan j\u00e4senm\u00e4\u00e4r\u00e4 oli 70-luvun puoliv\u00e4liin paikkeilla, yli 60 j\u00e4sent\u00e4, vakiintuen sitten 50 j\u00e4senen paikkeille.\u00a0 Vuokrattuja mets\u00e4stysmaita seuralla oli jo ensimm\u00e4isen\u00e4 toimintavuonna 1500 ha.<\/p>\n<p style=\"text-align: justify;\">Ampumakilpailutoiminnassa innostus varsinkin savikiekkoammuntaan oli j\u00e4senten keskuudessa kova. T\u00e4m\u00e4 innostus on s\u00e4ilynyt jo l\u00e4hes 40 vuotta ja se on tuottanut paljon mainetta pienelle seurallemme. Menestyst\u00e4 on tullut kaikilla tasoilla riistanhoitoyhdistyksen kilpailuista aina suomenmestaruuskilpailuihin asti. Kirkkaimpina saavutuksina on Tauno Marttisen suomenmestaruudet skeetammunnassa vuonna -86 ja mets\u00e4stystrap-ammunnan suomenmestaruudet vuosilta -97 ja -98.<\/p>\n<p style=\"text-align: justify;\"><strong>L\u00e4hteet: <\/strong><\/p>\n<p style=\"text-align: justify;\"><em>H\u00c4KKIL\u00c4, kyl\u00e4 Kyyveden kainalossa<\/em><\/p>\n<p style=\"text-align: justify;\"><em>Veli Manninen<\/em><\/p>\n<p style=\"text-align: justify;\">T\u00e4ss\u00e4 luettavissa\u00a0 seuran 60 -vuotisjuhlan kunniaksi seuran p\u00e4ivitetty ja kattavampi <a href=\"http:\/\/www.hakkilaneraveikot.net\/wp-content\/uploads\/2022\/11\/HISTORIIKKI-60V.pdf\" target=\"_blank\" rel=\"noopener\">historiikki<\/a> sek\u00e4 <a href=\"http:\/\/www.hakkilaneraveikot.net\/wp-content\/uploads\/2022\/11\/Juhliin.pdf\" target=\"_blank\" rel=\"noopener\">kuvaesitys.<\/a><\/p>\n<p>\u00a0<\/p>\n\n\n<p><\/p>\n","protected":false},"excerpt":{"rendered":"<p>Mets\u00e4stysseura H\u00e4kkil\u00e4n Er\u00e4- Veikot perustettiin 9. p\u00e4iv\u00e4n\u00e4 syyskuuta vuonna 1962. Perustava kokous pidettiin Haukivuoren kunnan H\u00e4kkil\u00e4n kyl\u00e4ss\u00e4 Martti Mannisen talossa, jossa kokouksessa oli saapuvilla 15 mets\u00e4styksest\u00e4 ja riistanhoidosta kiinnostunutta henkil\u00f6\u00e4, kuten kokouksen p\u00f6yt\u00e4kirja asian ilmaisee. Perustajaj\u00e4seni\u00e4 olivat: Kauko Asikainen, Mikko&hellip; <br \/><a class=\"read-more-button\" href=\"https:\/\/www.hakkilaneraveikot.net\/?page_id=13\">Read more<\/a><\/p>\n","protected":false},"author":1,"featured_media":0,"parent":0,"menu_order":2,"comment_status":"closed","ping_status":"closed","template":"","meta":{"footnotes":""},"class_list":["post-13","page","type-page","status-publish","hentry"],"_links":{"self":[{"href":"https:\/\/www.hakkilaneraveikot.net\/index.php?rest_route=\/wp\/v2\/pages\/13","targetHints":{"allow":["GET"]}}],"collection":[{"href":"https:\/\/www.hakkilaneraveikot.net\/index.php?rest_route=\/wp\/v2\/pages"}],"about":[{"href":"https:\/\/www.hakkilaneraveikot.net\/index.php?rest_route=\/wp\/v2\/types\/page"}],"author":[{"embeddable":true,"href":"https:\/\/www.hakkilaneraveikot.net\/index.php?rest_route=\/wp\/v2\/users\/1"}],"replies":[{"embeddable":true,"href":"https:\/\/www.hakkilaneraveikot.net\/index.php?rest_route=%2Fwp%2Fv2%2Fcomments&post=13"}],"version-history":[{"count":17,"href":"https:\/\/www.hakkilaneraveikot.net\/index.php?rest_route=\/wp\/v2\/pages\/13\/revisions"}],"predecessor-version":[{"id":1630,"href":"https:\/\/www.hakkilaneraveikot.net\/index.php?rest_route=\/wp\/v2\/pages\/13\/revisions\/1630"}],"wp:attachment":[{"href":"https:\/\/www.hakkilaneraveikot.net\/index.php?rest_route=%2Fwp%2Fv2%2Fmedia&parent=13"}],"curies":[{"name":"wp","href":"https:\/\/api.w.org\/{rel}","templated":true}]}}